tor of n and 162?
6
Let b be -2 + 4 - (115 + 0). Let p = 208 + b. Let c = 22 - 3. Calculate the greatest common divisor of p and c.
19
Suppose -374304 = -5*a - 63*a + 20*a. Calculate the greatest common divisor of a and 14.
14
Let d(r) = r**2 + 150*r + 3400. Let l be d(-22). Calculate the highest common factor of l and 4234.
146
Suppose 74*k = 66*k + 2176. Calculate the greatest common factor of 34 and k.
34
Let q be (-2)/7 - 32848/(-112). Suppose o - v - q = 0, 5*o + 3*v - 885 = 2*o. Calculate the greatest common divisor of 42 and o.
42
Let n(v) = -25*v + 175. Let w be n(6). Let r(h) = h + 25. Let m be r(w). Calculate the greatest common factor of m and 75.
25
Suppose 11*z + 2*z - 3159 = 0. Let x = -237 + z. What is the highest common divisor of 30 and x?
6
Suppose 2*t - t + 4*u = 420, -1281 = -3*t - 5*u. Let i = t + -257. What is the highest common divisor of i and 70?
35
Suppose 682*h = 687*h - 3*s - 19323, 0 = 4*h + s - 15455. What is the highest common factor of h and 112?
56
Suppose 0 = -6*i + 8*i - 30. Suppose -5211 + 726 = -13*f. What is the highest common divisor of i and f?
15
Suppose 36*v = 13*v + 14674. Let r = v + -620. Let y be (3/(-4))/(1/(-72)). What is the highest common divisor of r and y?
18
Suppose -949 = -15*o + 1601. Let s = o + -159. What is the greatest common factor of s and 1?
1
Let i = -127 - -743. Calculate the greatest common divisor of i and 392.
56
Suppose -72*n - 527373 = 64*n - 2342021. What is the highest common factor of 11 and n?
11
Suppose -41 = 6*w + 1. Let u be (w - -13 - -12)/(2/8). Calculate the greatest common factor of 648 and u.
72
Suppose 5*a - 44 = -4*o, -3*a + 2*o = 3*o - 25. Let m(s) = -s**2 - 299*s + 40. Let z be m(0). Calculate the greatest common divisor of z and a.
8
Let w(o) = -o**2 - 6*o - 4. Let x be w(-1). Let i(r) = 224*r**3 - r**2 + 1. Let n be i(x). What is the greatest common divisor of 28 and n?
28
Let s be 2/5 - 7627/(-145)*351. What is the greatest common factor of s and 37?
37
Let i(m) = -m**3 + 11*m**2 + 123*m + 48. Let y be i(-7). Calculate the highest common factor of y and 168.
3
Let g be 0/(0 - 2) + (-480 - -489). Calculate the highest common factor of 909 and g.
9
Let v(d) = 2*d**3 - 2*d**2 - d + 90. Let u(t) = 14*t - 56. Let q be u(4). Let p be v(q). Let x = -6 + 26. Calculate the highest common factor of p and x.
10
Let i(d) = d**2 + 3*d - 24. Let o be i(-10). Let k be (46/(-4))/(12/(-24)). What is the highest common factor of o and k?
23
Suppose 107*l = 132843 + 37180. What is the greatest common factor of l and 7?
7
Let z be 1 + -3 + 1 + 30. Suppose -5*l + 0*l = -165. Let a = l - z. What is the greatest common divisor of 8 and a?
4
Let p(h) = -3*h + 122. Suppose 106 = 4*w + 3*r - 54, r - 4 = 0. Let m be p(w). Let x = 37 - 26. Calculate the greatest common divisor of m and x.
11
Let f = -44 + 47. Let n(h) = 494 + 4*h**2 - 5*h - h**3 - 482 + 2*h**f. Let t be n(-5). Calculate the highest common factor of 24 and t.
12
Let h(n) = 26*n. Let c be h(2). Let r = c + -6. Let w be 9/(-27) - r/(-3). Calculate the greatest common factor of w and 3.
3
Let a(v) = -5*v**2 + 7*v + 7. Let p be a(-1). Let w be ((-10)/175*p)/(3/105). What is the greatest common factor of 80 and w?
10
Suppose -4*i = 27 - 107. Let j be (i/25)/(6/15*1). Let d be (140/(-50))/(j/(-10)). What is the greatest common divisor of d and 2?
2
Suppose -40*o + 843 = 40*o - 1237. What is the greatest common factor of o and 663?
13
Let f(i) = -i + 81. Let c be f(16). Let s = 107 - c. Calculate the greatest common divisor of 6 and s.
6
Let z(x) = -3*x**3 - 5*x**2 - 4*x + 5. Let s be z(-4). Let a = -7690 - -7728. What is the greatest common factor of a and s?
19
Let z(s) = -s**3 + 793*s**2 + 4751*s + 3. Let v be z(-6). What is the highest common divisor of 2378 and v?
29
Let w be -5 + 9 + -2 + -4. Let t(p) = -9*p - 8. Let v be t(w). Calculate the highest common divisor of 10 and v.
10
Let l(s) = -s**3 + s - 1. Let m(y) = y**3 - 8*y**2 - 4*y + 1. Let p(o) = -2*l(o) - m(o). Let t be p(-2). Calculate the highest common factor of t and 168.
21
Let h(v) = 17*v**2 - 128*v + 1026. Let a be h(7). What is the greatest common divisor of a and 144?
9
Suppose -6*m - 32 = 10*m. Let s(u) = -3*u**3 + 3*u + 10. Let n be s(m). What is the greatest common factor of 42 and n?
14
Let w be 35*(-3)/(-33) - 4/22. Suppose h - 3*n + 16 = w*h, -4*h = -3*n - 32. What is the highest common factor of h and 8?
8
Let v(m) = -3*m**2 + m**3 + 4*m + 0*m**3 - 16*m**2 - 12. Let j be v(19). What is the greatest common factor of 4 and j?
4
Suppose 0 = 4*j + 12, j = 2*q - q - 9. Let g = 2205 + -2204. Let w = q - g. What is the greatest common factor of 60 and w?
5
Suppose 0 = 15*h + 3843 - 15438. Let r = h - 308. Calculate the highest common factor of r and 15.
15
Let o = -6 - -9. Let d = -989001 - -989039. Calculate the greatest common divisor of o and d.
1
Let b(x) = -5*x + 17. Let w be b(-5). Suppose -2 + w = 2*h. Calculate the highest common divisor of 70 and h.
10
Let m be -3*(5 - 4)*(-3 + 1). Suppose -2*v = -i + 160, 4*i + 426 = v - m*v. Let j = -64 - v. Calculate the greatest common divisor of j and 45.
9
Suppose -278*l - 7*l = -57831 - 47334. What is the highest common factor of 36 and l?
9
Let i = -3696 + 3941. Calculate the highest common divisor of i and 105.
35
Suppose 7921 = 3*a + 4*x, -5280 = -2*a - x - 1. Calculate the greatest common divisor of a and 29.
29
Let w = 109 - 107. Let t be 1/((-1)/(-39)) - (w + -3). Suppose 3*y + 118 - 418 = 0. Calculate the greatest common divisor of y and t.
20
Let n(x) = 133*x**3 + x**2. Let d be n(1). Let z be (-4)/6 - d/(-3). Let j(f) = -32*f + 1355. Let r be j(42). Calculate the highest common divisor of z and r.
11
Let b(i) = -3*i**2 + 20*i + 6. Suppose -4*v - 1 = 4*h - 9, v - 26 = 5*h. Let s be b(v). Calculate the greatest common factor of 342 and s.
18
Let u = -4616 + 4764. What is the greatest common divisor of 5476 and u?
148
Suppose 4*b + o - 6*o - 1136 = 0, 3*o - 590 = -2*b. Suppose -39*r + 6794 = 8*r + 30*r + 249. What is the highest common factor of b and r?
17
Let u be -4 + (-76)/(-20) + (-1547)/(-35). Let f = 71 - u. What is the highest common divisor of 24 and f?
3
Let w = -15 + 30. Let q be 1/2 + 119/34. Suppose q*i - 8 = 0, v + v = i + 48. What is the greatest common divisor of v and w?
5
Suppose -21*x - 11499 + 80799 = 0. What is the highest common factor of 22 and x?
22
Let u = -48 - -34. Let l be ((-371)/u)/((-1)/2). Let a = -38 - l. What is the greatest common divisor of 105 and a?
15
Let q be (-395)/(-25) - (9/15)/(-3). Let r = 708 - 212. Calculate the highest common divisor of q and r.
16
Let f(q) be the third derivative of -3*q**5/20 + 13*q**4/12 - 2*q**3/3 - 2*q**2 + 21. Let m be f(2). What is the highest common divisor of m and 102?
6
Suppose 0 = g - 2*h - 4559, -g + 4571 = -218*h + 222*h. What is the highest common factor of 65 and g?
13
Let x = 108 - -147. Let p be ((-300)/(-90))/(x/(-261) - -1). Calculate the greatest common factor of 5 and p.
5
Suppose -15*y = -11*y. Let z be 8/4*((-2 - -1) + y). Let g be 247 + (-15)/(-5) + z + 4. What is the highest common factor of g and 36?
36
Suppose 3*o = -4*k + 25, -o - 2101 = 2*k - 2112. Calculate the greatest common divisor of 167 and o.
1
Suppose -46*k - 54*k + 16343 = 2243. Calculate the highest common divisor of k and 4.
1
Let p(r) = -326*r - 30. Let m(c) = -c**3 - 2*c**2 - c - 1. Let q be m(-1). Let w be p(q). Calculate the greatest common factor of 37 and w.
37
Suppose 62740 = 50*a + 16540. Calculate the highest common factor of 4851 and a.
231
Suppose -6418 = -38*k + 2246. What is the highest common factor of k and 156?
12
Suppose 0 = -4*u + 2*b + 272, 0*u - b - 67 = -u. Suppose 68*p = u*p - 18. Calculate the highest common factor of p and 27.
9
Let f(y) = 11*y**2 - 31*y + 3. Suppose -3*l - 4*r - 1 = 0, 4*l - r + 21 + 12 = 0. Let o be f(l). Calculate the highest common divisor of 33 and o.
33
Let l be 3/(-3)*(-2 + 3 + -55). Let w = -46 + l. Suppose 4*c - 222 = -3*z, -3*z = -5*c + w*c - 165. Calculate the greatest common factor of 38 and c.
19
Let m(w) be the second derivative of 13*w**4/12 - 7*w**3/3 - 7*w**2/2 - 10*w. Let u be m(-4). Let n = u + -152. What is the highest common factor of n and 70?
35
Suppose -15*c + 125 = -85. Let t 